{"id":505,"date":"2024-12-04T17:56:40","date_gmt":"2024-12-04T16:56:40","guid":{"rendered":"https:\/\/karlduchemin.fr\/?page_id=505"},"modified":"2024-12-06T11:34:40","modified_gmt":"2024-12-06T10:34:40","slug":"contact","status":"publish","type":"page","link":"https:\/\/karlduchemin.fr\/index.php\/contact\/","title":{"rendered":"Entrons en contact !"},"content":{"rendered":"\n<div class=\"wp-block-cover is-light ban-title\"><span aria-hidden=\"true\" class=\"wp-block-cover__background has-background-dim-0 has-background-dim\"><\/span><img decoding=\"async\" width=\"1652\" height=\"430\" class=\"wp-block-cover__image-background wp-image-526\" alt=\"\" src=\"https:\/\/karlduchemin.fr\/wp-content\/uploads\/2024\/12\/banniere-contact-1.jpg\" data-object-fit=\"cover\" srcset=\"https:\/\/karlduchemin.fr\/wp-content\/uploads\/2024\/12\/banniere-contact-1.jpg 1652w, https:\/\/karlduchemin.fr\/wp-content\/uploads\/2024\/12\/banniere-contact-1-300x78.jpg 300w, https:\/\/karlduchemin.fr\/wp-content\/uploads\/2024\/12\/banniere-contact-1-1024x267.jpg 1024w, https:\/\/karlduchemin.fr\/wp-content\/uploads\/2024\/12\/banniere-contact-1-768x200.jpg 768w, https:\/\/karlduchemin.fr\/wp-content\/uploads\/2024\/12\/banniere-contact-1-1536x400.jpg 1536w\" sizes=\"(max-width: 1652px) 100vw, 1652px\" \/><div class=\"wp-block-cover__inner-container is-layout-constrained wp-block-cover-is-layout-constrained\">\n<p class=\"has-text-align-left border-title has-black-color has-text-color has-link-color wp-elements-ffbb4e719709c887163d02cdbf89156d\" style=\"font-size:75px\"><strong>Entrons en contact !<\/strong><\/p>\n\n\n\n<p class=\"has-text-align-left sub-title\">Vous avez un projet en t\u00eate ou des questions concernant mes prestations ?<br>Je serais ravi de vous aider \u00e0 <strong>donner vie \u00e0 vos id\u00e9es<\/strong> !<br>Besoin d&rsquo;une <strong>communication<\/strong> sur-mesure et d\u00e9cal\u00e9e, d&rsquo;un <strong>site web<\/strong> \u00e0 votre image,<br>d&rsquo;un <strong>shooting photos<\/strong>, de votre <strong>community manager<\/strong> couteau suisse,<br>ou de quelqu&rsquo;un pour s&rsquo;occuper du <strong>booking<\/strong> de vos concerts&#8230; ?<\/p>\n<\/div><\/div>\n\n\n\n<p class=\"has-text-align-center width-1300\"><strong>Polyvalent<\/strong>, et avec plus de 10 ans d&rsquo;exp\u00e9rience entre annonceurs vari\u00e9s et clients toujours satisfaits par mon travail en freelance, l<strong>a seule limite est notre imagination commune<\/strong> ! Remplissez le formulaire ci-dessous, et je vous r\u00e9pondrai dans les plus brefs d\u00e9lais. <strong>Ensemble, cr\u00e9ons quelque chose d&rsquo;unique !<\/strong><\/p>\n\n\n\n<hr class=\"wp-block-separator has-alpha-channel-opacity is-style-wide width-1300\"\/>\n\n\n\n<div class=\"wpcf7 no-js\" id=\"wpcf7-f61-o1\" lang=\"fr-FR\" dir=\"ltr\">\n<div class=\"screen-reader-response\"><p role=\"status\" aria-live=\"polite\" aria-atomic=\"true\"><\/p> <ul><\/ul><\/div>\n<form action=\"\/index.php\/wp-json\/wp\/v2\/pages\/505#wpcf7-f61-o1\" method=\"post\" class=\"wpcf7-form init\" aria-label=\"Formulaire de contact\" novalidate=\"novalidate\" data-status=\"init\">\n<div style=\"display: none;\">\n<input type=\"hidden\" name=\"_wpcf7\" value=\"61\" \/>\n<input type=\"hidden\" name=\"_wpcf7_version\" value=\"5.9.8\" \/>\n<input type=\"hidden\" name=\"_wpcf7_locale\" value=\"fr_FR\" \/>\n<input type=\"hidden\" name=\"_wpcf7_unit_tag\" value=\"wpcf7-f61-o1\" \/>\n<input type=\"hidden\" name=\"_wpcf7_container_post\" value=\"0\" \/>\n<input type=\"hidden\" name=\"_wpcf7_posted_data_hash\" value=\"\" \/>\n<input type=\"hidden\" name=\"_wpcf7_recaptcha_response\" value=\"\" \/>\n<\/div>\n<p>Vous \u00eates :<br \/>\n<span class=\"wpcf7-form-control-wrap\" data-name=\"checkbox-213\"><span class=\"wpcf7-form-control wpcf7-checkbox\"><span class=\"wpcf7-list-item first\"><label><input type=\"checkbox\" name=\"checkbox-213[]\" value=\"Professionnel\" \/><span class=\"wpcf7-list-item-label\">Professionnel<\/span><\/label><\/span><span class=\"wpcf7-list-item\"><label><input type=\"checkbox\" name=\"checkbox-213[]\" value=\"Entreprise en cours de cr\u00e9ation\" \/><span class=\"wpcf7-list-item-label\">Entreprise en cours de cr\u00e9ation<\/span><\/label><\/span><span class=\"wpcf7-list-item\"><label><input type=\"checkbox\" name=\"checkbox-213[]\" value=\"Particulier\" \/><span class=\"wpcf7-list-item-label\">Particulier<\/span><\/label><\/span><span class=\"wpcf7-list-item\"><label><input type=\"checkbox\" name=\"checkbox-213[]\" value=\"Association\" \/><span class=\"wpcf7-list-item-label\">Association<\/span><\/label><\/span><span class=\"wpcf7-list-item last\"><label><input type=\"checkbox\" name=\"checkbox-213[]\" value=\"Autre (pr\u00e9ciser dans votre message)\" \/><span class=\"wpcf7-list-item-label\">Autre (pr\u00e9ciser dans votre message)<\/span><\/label><\/span><\/span><\/span>\n<\/p>\n<p>Civilit\u00e9 :<br \/>\n<span class=\"wpcf7-form-control-wrap\" data-name=\"checkbox-858\"><span class=\"wpcf7-form-control wpcf7-checkbox\"><span class=\"wpcf7-list-item first\"><label><input type=\"checkbox\" name=\"checkbox-858[]\" value=\"Madame\" \/><span class=\"wpcf7-list-item-label\">Madame<\/span><\/label><\/span><span class=\"wpcf7-list-item last\"><label><input type=\"checkbox\" name=\"checkbox-858[]\" value=\"Monsieur\" \/><span class=\"wpcf7-list-item-label\">Monsieur<\/span><\/label><\/span><\/span><\/span>\n<\/p>\n<p><label> Nom et pr\u00e9nom*<br \/>\n<span class=\"wpcf7-form-control-wrap\" data-name=\"your-name\"><input size=\"40\" maxlength=\"400\" class=\"wpcf7-form-control wpcf7-text wpcf7-validates-as-required\" autocomplete=\"name\" aria-required=\"true\" aria-invalid=\"false\" value=\"\" type=\"text\" name=\"your-name\" \/><\/span> <\/label>\n<\/p>\n<p><label> Soci\u00e9t\u00e9<br \/>\n<span class=\"wpcf7-form-control-wrap\" data-name=\"text-222\"><input size=\"40\" maxlength=\"400\" class=\"wpcf7-form-control wpcf7-text\" aria-invalid=\"false\" value=\"\" type=\"text\" name=\"text-222\" \/><\/span> <\/label>\n<\/p>\n<p><label> Siret<br \/>\n<span class=\"wpcf7-form-control-wrap\" data-name=\"text-414\"><input size=\"40\" maxlength=\"400\" class=\"wpcf7-form-control wpcf7-text\" aria-invalid=\"false\" value=\"\" type=\"text\" name=\"text-414\" \/><\/span> <\/label>\n<\/p>\n<p><label> Adresse (num\u00e9ro, rue, compl\u00e9ment, code postal, ville...)*<br \/>\n<span class=\"wpcf7-form-control-wrap\" data-name=\"text-725\"><input size=\"40\" maxlength=\"400\" class=\"wpcf7-form-control wpcf7-text wpcf7-validates-as-required\" aria-required=\"true\" aria-invalid=\"false\" value=\"\" type=\"text\" name=\"text-725\" \/><\/span> <\/label>\n<\/p>\n<p><label> E-mail*<br \/>\n<span class=\"wpcf7-form-control-wrap\" data-name=\"your-email\"><input size=\"40\" maxlength=\"400\" class=\"wpcf7-form-control wpcf7-email wpcf7-validates-as-required wpcf7-text wpcf7-validates-as-email\" autocomplete=\"email\" aria-required=\"true\" aria-invalid=\"false\" value=\"\" type=\"email\" name=\"your-email\" \/><\/span> <\/label>\n<\/p>\n<p><label> T\u00e9l\u00e9phone*<br \/>\n<span class=\"wpcf7-form-control-wrap\" data-name=\"tel-148\"><input size=\"40\" maxlength=\"400\" class=\"wpcf7-form-control wpcf7-tel wpcf7-validates-as-required wpcf7-text wpcf7-validates-as-tel\" aria-required=\"true\" aria-invalid=\"false\" value=\"\" type=\"tel\" name=\"tel-148\" \/><\/span> <\/label>\n<\/p>\n<p><label> Quel est votre projet ?<br \/>\n<span class=\"wpcf7-form-control-wrap\" data-name=\"Quelestvotreprojet\"><select class=\"wpcf7-form-control wpcf7-select\" aria-invalid=\"false\" multiple=\"multiple\" name=\"Quelestvotreprojet[]\"><option value=\"Webdesign\">Webdesign<\/option><option value=\"Photographie\">Photographie<\/option><option value=\"Logo\">Logo<\/option><option value=\"Affiche\">Affiche<\/option><option value=\"Community management\">Community management<\/option><option value=\"Booking\">Booking<\/option><\/select><\/span> <\/label>\n<\/p>\n<p><label> Votre message*<br \/>\n<span class=\"wpcf7-form-control-wrap\" data-name=\"your-message\"><textarea cols=\"40\" rows=\"10\" maxlength=\"2000\" class=\"wpcf7-form-control wpcf7-textarea wpcf7-validates-as-required\" aria-required=\"true\" aria-invalid=\"false\" name=\"your-message\"><\/textarea><\/span> <\/label>\n<\/p>\n<p>Les champs marqu\u00e9s d'un * sont obligatoires.\n<\/p>\n<p><input class=\"wpcf7-form-control wpcf7-submit has-spinner\" type=\"submit\" value=\"Envoyer\" \/>\n<\/p><p style=\"display: none !important;\"><label>&#916;<textarea name=\"_wpcf7_ak_hp_textarea\" cols=\"45\" rows=\"8\" maxlength=\"100\"><\/textarea><\/label><input type=\"hidden\" id=\"ak_js_1\" name=\"_wpcf7_ak_js\" value=\"242\"\/><script>document.getElementById( \"ak_js_1\" ).setAttribute( \"value\", ( new Date() ).getTime() );<\/script><\/p><div class=\"wpcf7-response-output\" aria-hidden=\"true\"><\/div>\n<\/form>\n<\/div>\n\n\n\n\n<p><\/p>\n","protected":false},"excerpt":{"rendered":"<p>Polyvalent, et avec plus de 10 ans d&rsquo;exp\u00e9rience entre annonceurs vari\u00e9s et clients toujours satisfaits par mon travail en freelance, la seule limite est notre imagination commune ! Remplissez le formulaire ci-dessous, et je vous r\u00e9pondrai dans les plus brefs d\u00e9lais. Ensemble, cr\u00e9ons quelque chose d&rsquo;unique !<\/p>\n","protected":false},"author":1,"featured_media":0,"parent":0,"menu_order":0,"comment_status":"closed","ping_status":"closed","template":"qi-full-width.php","meta":{"footnotes":""},"class_list":["post-505","page","type-page","status-publish","hentry"],"yoast_head":"<!-- This site is optimized with the Yoast SEO plugin v23.0 - https:\/\/yoast.com\/wordpress\/plugins\/seo\/ -->\n<title>Entrons en contact ! - Karl Duchemin<\/title>\n<meta name=\"description\" content=\"Besoin de plus de renseignements en vue d&#039;une prestation, ou d&#039;\u00e9tablir un premier contact pour une demande de devis ? Remplissez le formulaire et je vous contacterai au plus rapidement !\" \/>\n<meta name=\"robots\" content=\"index, follow, max-snippet:-1, max-image-preview:large, max-video-preview:-1\" \/>\n<link rel=\"canonical\" href=\"https:\/\/karlduchemin.fr\/index.php\/contact\/\" \/>\n<meta property=\"og:locale\" content=\"fr_FR\" \/>\n<meta property=\"og:type\" content=\"article\" \/>\n<meta property=\"og:title\" content=\"Entrons en contact ! - Karl Duchemin\" \/>\n<meta property=\"og:description\" content=\"Besoin de plus de renseignements en vue d&#039;une prestation, ou d&#039;\u00e9tablir un premier contact pour une demande de devis ? Remplissez le formulaire et je vous contacterai au plus rapidement !\" \/>\n<meta property=\"og:url\" content=\"https:\/\/karlduchemin.fr\/index.php\/contact\/\" \/>\n<meta property=\"og:site_name\" content=\"Karl Duchemin\" \/>\n<meta property=\"article:modified_time\" content=\"2024-12-06T10:34:40+00:00\" \/>\n<meta property=\"og:image\" content=\"https:\/\/karlduchemin.fr\/wp-content\/uploads\/2024\/12\/banniere-contact-1.jpg\" \/>\n<meta name=\"twitter:card\" content=\"summary_large_image\" \/>\n<meta name=\"twitter:label1\" content=\"Dur\u00e9e de lecture estim\u00e9e\" \/>\n\t<meta name=\"twitter:data1\" content=\"1 minute\" \/>\n<script type=\"application\/ld+json\" class=\"yoast-schema-graph\">{\"@context\":\"https:\/\/schema.org\",\"@graph\":[{\"@type\":\"WebPage\",\"@id\":\"https:\/\/karlduchemin.fr\/index.php\/contact\/\",\"url\":\"https:\/\/karlduchemin.fr\/index.php\/contact\/\",\"name\":\"Entrons en contact ! - Karl Duchemin\",\"isPartOf\":{\"@id\":\"https:\/\/karlduchemin.fr\/#website\"},\"primaryImageOfPage\":{\"@id\":\"https:\/\/karlduchemin.fr\/index.php\/contact\/#primaryimage\"},\"image\":{\"@id\":\"https:\/\/karlduchemin.fr\/index.php\/contact\/#primaryimage\"},\"thumbnailUrl\":\"https:\/\/karlduchemin.fr\/wp-content\/uploads\/2024\/12\/banniere-contact-1.jpg\",\"datePublished\":\"2024-12-04T16:56:40+00:00\",\"dateModified\":\"2024-12-06T10:34:40+00:00\",\"description\":\"Besoin de plus de renseignements en vue d'une prestation, ou d'\u00e9tablir un premier contact pour une demande de devis ? Remplissez le formulaire et je vous contacterai au plus rapidement !\",\"breadcrumb\":{\"@id\":\"https:\/\/karlduchemin.fr\/index.php\/contact\/#breadcrumb\"},\"inLanguage\":\"fr-FR\",\"potentialAction\":[{\"@type\":\"ReadAction\",\"target\":[\"https:\/\/karlduchemin.fr\/index.php\/contact\/\"]}]},{\"@type\":\"ImageObject\",\"inLanguage\":\"fr-FR\",\"@id\":\"https:\/\/karlduchemin.fr\/index.php\/contact\/#primaryimage\",\"url\":\"https:\/\/karlduchemin.fr\/wp-content\/uploads\/2024\/12\/banniere-contact-1.jpg\",\"contentUrl\":\"https:\/\/karlduchemin.fr\/wp-content\/uploads\/2024\/12\/banniere-contact-1.jpg\",\"width\":1652,\"height\":430},{\"@type\":\"BreadcrumbList\",\"@id\":\"https:\/\/karlduchemin.fr\/index.php\/contact\/#breadcrumb\",\"itemListElement\":[{\"@type\":\"ListItem\",\"position\":1,\"name\":\"Accueil\",\"item\":\"https:\/\/karlduchemin.fr\/\"},{\"@type\":\"ListItem\",\"position\":2,\"name\":\"Entrons en contact !\"}]},{\"@type\":\"WebSite\",\"@id\":\"https:\/\/karlduchemin.fr\/#website\",\"url\":\"https:\/\/karlduchemin.fr\/\",\"name\":\"Karl Duchemin\",\"description\":\"Webdesigner, photographe, community manager et booker freelance\",\"publisher\":{\"@id\":\"https:\/\/karlduchemin.fr\/#\/schema\/person\/e6c4f85e13fa9559dcdf1fef389b5686\"},\"potentialAction\":[{\"@type\":\"SearchAction\",\"target\":{\"@type\":\"EntryPoint\",\"urlTemplate\":\"https:\/\/karlduchemin.fr\/?s={search_term_string}\"},\"query-input\":\"required name=search_term_string\"}],\"inLanguage\":\"fr-FR\"},{\"@type\":[\"Person\",\"Organization\"],\"@id\":\"https:\/\/karlduchemin.fr\/#\/schema\/person\/e6c4f85e13fa9559dcdf1fef389b5686\",\"name\":\"Karl Duchemin\",\"image\":{\"@type\":\"ImageObject\",\"inLanguage\":\"fr-FR\",\"@id\":\"https:\/\/karlduchemin.fr\/#\/schema\/person\/image\/\",\"url\":\"https:\/\/karlduchemin.fr\/wp-content\/uploads\/2024\/10\/logo@150x150.jpg\",\"contentUrl\":\"https:\/\/karlduchemin.fr\/wp-content\/uploads\/2024\/10\/logo@150x150.jpg\",\"width\":150,\"height\":150,\"caption\":\"Karl Duchemin\"},\"logo\":{\"@id\":\"https:\/\/karlduchemin.fr\/#\/schema\/person\/image\/\"},\"sameAs\":[\"http:\/\/karlduchemin.fr\",\"https:\/\/www.instagram.com\/karlduchemin.webdesigner\/\",\"https:\/\/www.linkedin.com\/in\/karl-duchemin-141933172\/\"]}]}<\/script>\n<!-- \/ Yoast SEO plugin. -->","yoast_head_json":{"title":"Entrons en contact ! - Karl Duchemin","description":"Besoin de plus de renseignements en vue d'une prestation, ou d'\u00e9tablir un premier contact pour une demande de devis ? Remplissez le formulaire et je vous contacterai au plus rapidement !","robots":{"index":"index","follow":"follow","max-snippet":"max-snippet:-1","max-image-preview":"max-image-preview:large","max-video-preview":"max-video-preview:-1"},"canonical":"https:\/\/karlduchemin.fr\/index.php\/contact\/","og_locale":"fr_FR","og_type":"article","og_title":"Entrons en contact ! - Karl Duchemin","og_description":"Besoin de plus de renseignements en vue d'une prestation, ou d'\u00e9tablir un premier contact pour une demande de devis ? Remplissez le formulaire et je vous contacterai au plus rapidement !","og_url":"https:\/\/karlduchemin.fr\/index.php\/contact\/","og_site_name":"Karl Duchemin","article_modified_time":"2024-12-06T10:34:40+00:00","og_image":[{"url":"https:\/\/karlduchemin.fr\/wp-content\/uploads\/2024\/12\/banniere-contact-1.jpg"}],"twitter_card":"summary_large_image","twitter_misc":{"Dur\u00e9e de lecture estim\u00e9e":"1 minute"},"schema":{"@context":"https:\/\/schema.org","@graph":[{"@type":"WebPage","@id":"https:\/\/karlduchemin.fr\/index.php\/contact\/","url":"https:\/\/karlduchemin.fr\/index.php\/contact\/","name":"Entrons en contact ! - Karl Duchemin","isPartOf":{"@id":"https:\/\/karlduchemin.fr\/#website"},"primaryImageOfPage":{"@id":"https:\/\/karlduchemin.fr\/index.php\/contact\/#primaryimage"},"image":{"@id":"https:\/\/karlduchemin.fr\/index.php\/contact\/#primaryimage"},"thumbnailUrl":"https:\/\/karlduchemin.fr\/wp-content\/uploads\/2024\/12\/banniere-contact-1.jpg","datePublished":"2024-12-04T16:56:40+00:00","dateModified":"2024-12-06T10:34:40+00:00","description":"Besoin de plus de renseignements en vue d'une prestation, ou d'\u00e9tablir un premier contact pour une demande de devis ? Remplissez le formulaire et je vous contacterai au plus rapidement !","breadcrumb":{"@id":"https:\/\/karlduchemin.fr\/index.php\/contact\/#breadcrumb"},"inLanguage":"fr-FR","potentialAction":[{"@type":"ReadAction","target":["https:\/\/karlduchemin.fr\/index.php\/contact\/"]}]},{"@type":"ImageObject","inLanguage":"fr-FR","@id":"https:\/\/karlduchemin.fr\/index.php\/contact\/#primaryimage","url":"https:\/\/karlduchemin.fr\/wp-content\/uploads\/2024\/12\/banniere-contact-1.jpg","contentUrl":"https:\/\/karlduchemin.fr\/wp-content\/uploads\/2024\/12\/banniere-contact-1.jpg","width":1652,"height":430},{"@type":"BreadcrumbList","@id":"https:\/\/karlduchemin.fr\/index.php\/contact\/#breadcrumb","itemListElement":[{"@type":"ListItem","position":1,"name":"Accueil","item":"https:\/\/karlduchemin.fr\/"},{"@type":"ListItem","position":2,"name":"Entrons en contact !"}]},{"@type":"WebSite","@id":"https:\/\/karlduchemin.fr\/#website","url":"https:\/\/karlduchemin.fr\/","name":"Karl Duchemin","description":"Webdesigner, photographe, community manager et booker freelance","publisher":{"@id":"https:\/\/karlduchemin.fr\/#\/schema\/person\/e6c4f85e13fa9559dcdf1fef389b5686"},"potentialAction":[{"@type":"SearchAction","target":{"@type":"EntryPoint","urlTemplate":"https:\/\/karlduchemin.fr\/?s={search_term_string}"},"query-input":"required name=search_term_string"}],"inLanguage":"fr-FR"},{"@type":["Person","Organization"],"@id":"https:\/\/karlduchemin.fr\/#\/schema\/person\/e6c4f85e13fa9559dcdf1fef389b5686","name":"Karl Duchemin","image":{"@type":"ImageObject","inLanguage":"fr-FR","@id":"https:\/\/karlduchemin.fr\/#\/schema\/person\/image\/","url":"https:\/\/karlduchemin.fr\/wp-content\/uploads\/2024\/10\/logo@150x150.jpg","contentUrl":"https:\/\/karlduchemin.fr\/wp-content\/uploads\/2024\/10\/logo@150x150.jpg","width":150,"height":150,"caption":"Karl Duchemin"},"logo":{"@id":"https:\/\/karlduchemin.fr\/#\/schema\/person\/image\/"},"sameAs":["http:\/\/karlduchemin.fr","https:\/\/www.instagram.com\/karlduchemin.webdesigner\/","https:\/\/www.linkedin.com\/in\/karl-duchemin-141933172\/"]}]}},"jetpack_sharing_enabled":true,"_links":{"self":[{"href":"https:\/\/karlduchemin.fr\/index.php\/wp-json\/wp\/v2\/pages\/505","targetHints":{"allow":["GET"]}}],"collection":[{"href":"https:\/\/karlduchemin.fr\/index.php\/wp-json\/wp\/v2\/pages"}],"about":[{"href":"https:\/\/karlduchemin.fr\/index.php\/wp-json\/wp\/v2\/types\/page"}],"author":[{"embeddable":true,"href":"https:\/\/karlduchemin.fr\/index.php\/wp-json\/wp\/v2\/users\/1"}],"replies":[{"embeddable":true,"href":"https:\/\/karlduchemin.fr\/index.php\/wp-json\/wp\/v2\/comments?post=505"}],"version-history":[{"count":11,"href":"https:\/\/karlduchemin.fr\/index.php\/wp-json\/wp\/v2\/pages\/505\/revisions"}],"predecessor-version":[{"id":528,"href":"https:\/\/karlduchemin.fr\/index.php\/wp-json\/wp\/v2\/pages\/505\/revisions\/528"}],"wp:attachment":[{"href":"https:\/\/karlduchemin.fr\/index.php\/wp-json\/wp\/v2\/media?parent=505"}],"curies":[{"name":"wp","href":"https:\/\/api.w.org\/{rel}","templated":true}]}}